50?
1434
What is the remainder when 2241 is divided by 1095?
51
Calculate the remainder when 169803 is divided by 255.
228
Calculate the remainder when 39955 is divided by 7862.
645
What is the remainder when 233915 is divided by 6776?
3531
What is the remainder when 618547 is divided by 309243?
61
Calculate the remainder when 5881855 is divided by 1299.
1282
Calculate the remainder when 684252 is divided by 1306.
1214
Calculate the remainder when 472409 is divided by 113.
69
Calculate the remainder when 226112 is divided by 2199.
1814
Calculate the remainder when 145122 is divided by 3539.
23
What is the remainder when 47103661 is divided by 4220?
21
Calculate the remainder when 506449 is divided by 132.
97
What is the remainder when 2559032 is divided by 852952?
176
Calculate the remainder when 290359 is divided by 72343.
987
What is the remainder when 57773 is divided by 1070?
1063
Calculate the remainder when 2939272 is divided by 2939265.
7
Calculate the remainder when 56081387 is divided by 187563.
50
Calculate the remainder when 4781 is divided by 999.
785
Calculate the remainder when 3745333 is divided by 936320.
53
What is the remainder when 413372 is divided by 1406?
8
Calculate the remainder when 30218281 is divided by 7401.
7399
Calculate the remainder when 2017877 is divided by 18344.
37
What is the remainder when 2485217 is divided by 103?
33
What is the remainder when 238144340 is divided by 681?
2
What is the remainder when 854572 is divided by 4?
0
Calculate the remainder when 38037962 is divided by 516.
506
What is the remainder when 693852 is divided by 573?
522
Calculate the remainder when 836598 is divided by 836543.
55
Calculate the remainder when 1898554 is divided by 2172.
226
What is the remainder when 13935036 is divided by 20?
16
What is the remainder when 2457088 is divided by 491407?
53
Calculate the remainder when 167319 is divided by 16731.
9
What is the remainder when 456877 is divided by 2?
1
What is the remainder when 132851 is divided by 4201?
2620
Calculate the remainder when 116597243 is divided by 318.
317
Calculate the remainder when 2708318 is divided by 2708317.
1
Calculate the remainder when 24406966 is divided by 1468.
1466
What is the remainder when 208806 is divided by 20814?
666
Calculate the remainder when 29176149 is divided by 287.
16
What is the remainder when 23314 is divided by 5584?
978
What is the remainder when 33597929 is divided by 2334?
2333
Calculate the remainder when 3842318 is divided by 113009.
12
What is the remainder when 23059 is divided by 4265?
1734
Calculate the remainder when 320122 is divided by 781.
693
Calculate the remainder when 487607 is divided by 9377.
3
Calculate the remainder when 52036896 is divided by 34.
32
Calculate the remainder when 149204791 is divided by 213.
208
What is the remainder when 31421126 is divided by 92?
90
What is the remainder when 1775428 is divided by 253599?
235
What is the remainder when 570262 is divided by 55?
22
What is the remainder when 2567202 is divided by 1511?
13
What is the remainder when 5955 is divided by 995?
980
What is the remainder when 217081 is divided by 532?
25
What is the remainder when 2849330 is divided by 92?
90
What is the remainder when 288051 is divided by 1455?
1416
What is the remainder when 575788 is divided by 1042?
604
Calculate the remainder when 117462 is divided by 6442.
1506
Calculate the remainder when 669230 is divided by 1144.
1134
Calculate the remainder when 3090502 is divided by 200.
102
Calculate the remainder when 9473530 is divided by 64.
58
What is the remainder when 113781 is divided by 5609?
1601
Calculate the remainder when 14481 is divided by 4693.
402
Calculate the remainder when 57978848 is divided by 5278.
18
What is the remainder when 1051013 is divided by 108?
65
What is the remainder when 1866211 is divided by 2219?
32
Calculate the remainder when 28118475 is divided by 1135.
1120
Calculate the remainder when 9372724 is divided by 33474.
4
What is the remainder when 75473774 is divided by 585?
584
What is the remainder when 37856335 is divided by 1816?
1815
What is the remainder when 39406298 is divided by 3902?
0
What is the remainder when 480972 is divided by 2784?
2124
What is the remainder when 6156756 is divided by 2379?
2283
Calculate the remainder when 257114 is divided by 7860.
5594
What is the remainder when 1258086 is divided by 32?
6
What is the remainder when 9728194 is divided by 69987?
1
What is the remainder when 41480626 is divided by 3539?
7
Calculate the remainder when 1006765 is divided by 531.
520
What is the remainder when 39423893 is divided by 15?
8
Calculate the remainder when 706048 is divided by 450.
448
What is the remainder when 811916 is divided by 2636?
28
Calculate the remainder when 1761232 is divided by 27.
22
What is the remainder when 795507 is divided by 21500?
7
Calculate the remainder when 6359791 is divided by 83.
82
Calculate the remainder when 14225919 is divided by 100.
19
Calculate the remainder when 32808519 is divided by 32.
7
Calculate the remainder when 1597559 is divided by 9.
5
Calculate the remainder when 751806 is divided by 11294.
6402
Calculate the remainder when 5316797 is divided by 1995.
122
Calculate the remainder when 19451672 is divided by 2431459.
0
Calculate the remainder when 5419718 is divided by 13.
5
What is the remainder when 324119 is divided by 801?
515
What is the remainder when 11759194 is divided by 373?
369
Calculate the remainder when 81646421 is divided by 13278.
13277
Calculate the remainder when 21744 is divided by 17316.
4428
Calculate the remainder when 550846 is divided by 78544.
1038
What is the remainder when 3020674 is divided by 1510284?
106
Calculate the remainder when 4952572 is divided by 68.
64
What is the remainder when 90695008 is divided by 30?
28
Calculate the remainder when 34448 is divided by 2843.
332
Calculate the remainder when 22946 is divided by 230.
176
Calculate the remainder when 272145 is divided by 41.
28
Calculate the remainder when 4847720 is divided by 154.
108
Calculate the remainder when 1921183 is divided by 30494.
61
Calculate the remainder when 321302 is divided by 160287.
728
Calculate the remainder when 204524 is divided by 48.
44
What is the remainder when 1445650 is divided by 39070?
60
Calculate the remainder when 1244890 is divided by 95.
10
Calculate the remainder when 9280428 is divided by 9627.
0
Calculate the remainder when 2658499 is divided by 137.
14
Calculate the remainder when 14228079 is divided by 5.
4
Calculate the remainder when 16268 is divided by 8092.
84
Calculate the remainder when 39732 is divided by 291.
156
Calculate the remainder when 8609727 is divided by 64.
63
What is the remainder when 39136210 is divided by 13045384?
58
Calculate the remainder when 651878 is divided by 69.
35
Calculate the remainder when 7404682 is divided by 1029.
1027
What is the remainder when 982923513 is divided by 6?
3
Calculate the remainder when 64200 is divided by 32099.
2
What is the remainder when 1772888 is divided by 118168?
368
Calculate the remainder when 20855 is divided by 4939.
1099
What is the remainder when 9385031 is divided by 72?
47
What is the remainder when 6761331 is divided by 412?
411
What is the remainder when 18418 is divided by 464?
322
Calculate the remainder when 13293438 is divided by 150.
138
Calculate the remainder when 304472 is divided by 27675.
47
What is the remainder when 288614 is divided by 48102?
2
What is the remainder when 7511244 is divided by 117363?
12
Calculate the remainder when 2679 is divided by 2293.
386
Calculate the remainder when 120267 is divided by 13359.
36
Calculate the remainder when 14457300 is divided by 1190.
1180
Calculate the remainder when 98427739 is divided by 364.
319
What is the remainder when 95087539 is divided by 1914?
19
What is the remainder when 7780304 is divided by 1296668?
296
What is the remainder when 3363448 is divided by 409?
241
Calculate the remainder when 7809839 is divided by 953.
4
What is the remainder when 5353645 is divided by 57?
34
What is the remainder when 36019 is divided by 8998?
27
What is the remainder when 11405814 is divided by 5702794?
226
What is the remainder when 5455